8b (base 12) in base 16?
12deb
348755 (base 9) to base 5
23203330
Convert -2354013 (base 6) to base 2.
-11110010001011001
1a3044 (base 15) to base 10
1275814
What is -100110110000011101 (base 2) in base 13?
-57346
-121221123313 (base 4) to base 11
-3882369
What is 20011211201 (base 4) in base 9?
3881122
Convert 1110000110011000 (base 2) to base 5.
3322002
-12100010211002 (base 3) to base 16
-2b4a8f
Convert -39279 (base 13) to base 5.
-11342034
-96146 (base 11) to base 4
-202022112
Convert 29c56 (base 15) to base 6.
2514130
1112001000 (base 3) to base 12
15390
What is 1118088 (base 9) in base 8?
2231523
What is 3342233211 (base 5) in base 14?
da2b2c
What is -10030210122 (base 4) in base 3?
-2001212222220
Convert -50c582 (base 14) to base 11.
-159aa34
Convert -2520212 (base 6) to base 15.
-29e5e
-22220101200222 (base 3) to base 5
-2202403342
What is -236361 (base 7) in base 6?
-531213
What is 24032321 (base 6) in base 3?
1102011002111
Convert -238538 (base 12) to base 3.
-1002012000022
Convert 301231322230 (base 4) to base 15.
1226a07
What is -a3cb (base 13) in base 2?
-101100001110100
1433000132 (base 5) to base 3
21010220101120
1652c (base 15) to base 14
1c37c
What is -3122bc (base 16) in base 9?
-6047201
Convert -4951e (base 16) to base 5.
-34102233
-87683a (base 12) to base 7
-24152365
363226 (base 8) to base 4
132122112
Convert 11000101110001001111 (base 2) to base 3.
1112011012100
What is 101220101 (base 5) in base 16?
65050
131203020321 (base 4) to base 13
17b29c3
Convert 38ad97 (base 15) to base 8.
12300306
Convert -108055 (base 9) to base 7.
-360206
Convert 102001212211 (base 3) to base 14.
59593
Convert 3ea61 (base 16) to base 14.
69733
What is -50673 (base 15) in base 6?
-5242343
What is -1160521 (base 7) in base 14?
-3c4b8
What is -332523355 (base 6) in base 15?
-7dbedb
What is -615153 (base 7) in base 11?
-71a16
Convert 1b55c9 (base 13) to base 8.
2522163
Convert 330230 (base 7) to base 16.
e18f
-1241103 (base 6) to base 10
-67647
Convert 11108362 (base 9) to base 4.
110201120012
-12c4bca (base 14) to base 7
-140113543
What is -119666 (base 15) in base 7?
-10104201
Convert -4313023 (base 5) to base 15.
-168e3
What is -5d5b2 (base 16) in base 6?
-12110150
What is -10210422311 (base 5) in base 11?
-6007332
What is 11110011111101100010 (base 2) in base 8?
3637542
-158866 (base 10) to base 14
-41c78
4658607 (base 9) to base 7
30261400
What is -b38899 (base 13) in base 10?
-4188960
Convert -8148aa (base 11) to base 8.
-4775425
What is 911334 (base 14) in base 8?
22477442
-345521 (base 8) to base 16
-1cb51
Convert -3302151 (base 7) to base 13.
-111c48
What is -d9789 (base 16) in base 10?
-890761
-934873 (base 10) to base 3
-1202111101221
What is -1440020 (base 5) in base 4?
-13132223
Convert 8650 (base 11) to base 10.
11429
What is -195226 (base 12) in base 11?
-283993
What is 123459 (base 12) in base 4?
1020103011
What is ed23e (base 15) in base 11?
474928
Convert 142124322 (base 6) to base 4.
23010333122
Convert -735232 (base 8) to base 4.
-323222122
Convert 23210320 (base 7) to base 4.
13301013301
What is -42445305 (base 6) in base 7?
-13425611
Convert 58b45 (base 12) to base 5.
12303031
What is 351724 (base 10) in base 8?
1256754
-14184365 (base 9) to base 3
-111012211102012
-1011100110001011 (base 2) to base 5
-3004444
Convert -978745 (base 10) to base 12.
-3b24a1
What is -24d63 (base 15) in base 13?
-417b1
What is -313133212 (base 4) in base 15?
-47537
What is 312102012123 (base 4) in base 6?
1224555123
Convert 6a5a8 (base 14) to base 8.
771770
What is 26956 (base 11) in base 12?
1a296
-514851 (base 9) to base 7
-2411266
Convert 133251505 (base 6) to base 10.
2681825
Convert -432203210 (base 5) to base 12.
-745985
What is -33110 (base 13) in base 2?
-10110100100101000
What is -4dd0a (base 14) in base 7?
-1426313
What is 2774c3 (base 13) in base 5?
221134402
Convert -133120202 (base 5) to base 8.
-2450716
Convert 23a021 (base 11) to base 2.
1011100100111011110
What is 9bfd (base 16) in base 8?
115775
What is 825ea (base 16) in base 8?
2022752
Convert 135044 (base 6) to base 9.
18461
-203997 (base 11) to base 7
-2532125
-57460a7 (base 12) to base 11
-9510a26
Convert -4060523 (base 7) to base 5.
-111012024
Convert 118a40 (base 15) to base 12.
345866
Convert dd09 (base 15) to base 4.
23123121
What is 115647 (base 11) in base 15?
393d4
What is -115774 (base 10) in base 4?
-130100332
247724 (base 11) to base 15
7ac21
Convert 10554315 (base 8) to base 4.
20231203031
-11012101000 (base 3) to base 10
-82647
What is 1200222010 (base 3) in base 9?
50863
2406730 (base 9) to base 3
2110020211000
8c8c (base 13) to base 15
5c9a
What is 11010101000101010010000 (base 2) in base 11?
3a39995
Convert 21110012100 (base 3) to base 15.
2d6d3
-29339b (base 15) to base 12
-7b8ab5
Convert 2888898 (base 10) to base 4.
23001103002
What is -1020230011 (base 4) in base 9?
-503364
-512064 (base 7) to base 3
-11102120110
What is -1341110 (base 6) in base 13?
-28440
-a35e5 (base 16) to base 9
-1228817
11111312230 (base 4) to base 5
324301421
Convert -a5711 (base 12) to base 2.
-110100111110111101
Convert -250225233 (base 6) to base 12.
-1725219
What is 4657070 (base 8) in base 16?
135e38
Convert -25814a (base 11) to base 10.
-406130
Convert 911059 (base 11) to base 10.
1465495
What is 200100222211 (base 3) in base 7?
3034111
524 (base 15) to base 11
964
What is 232020122120 (base 4) in base 5?
11043434310
What is 1276ce (base 16) in base 7?
13166610
-551712 (base 8) to base 7
-1401130
What is 3291807 (base 11) in base 15?
78ed40
What is 10210001221110 (base 3) in base 16?
1ea7fa
7223123 (base 9) to base 5
1441303341
What is 196a911 (base 11) in base 4?
30223112031
Convert -10011011110101 (base 2) to base 8.
-23365
What is -9cb333 (base 13) in base 8?
-16114235
Convert -303220203 (base 4) to base 12.
-a2483
2544d (base 16) to base 10
152653
570754 (base 9) to base 8
1233434
Convert -22040251 (base 9) to base 16.
-a29628
What is -521422 (base 6) in base 8?
-121566
What is 1164464 (base 8) in base 3?
121100111011
What is 47534044 (base 8) in base 10?
10401828
Convert 44d79 (base 16) to base 7.
2253043
What is -2331862 (base 10) in base 3?
-11101110201021
What is -3236541 (base 7) in base 13?
-10b39c
What is 210332310 (base 4) in base 9?
250706
Convert -13338ba (base 12) to base 5.
-1433114131
10240322003 (base 5) to base 6
1024553125
1997d4b (base 14) to base 11
720a983
24101204 (base 5) to base 15
45bd9
Convert 432484 (base 9) to base 14.
69cdb
1001000110110101000111 (base 2) to base 7
26201655
8075d6 (base 15) to base 10
6099951
33054004 (base 6) to base 2
11110000111111110100
-5118273 (base 10) to base 12
-1869b69
Convert -210112022120 (base 3) to base 4.
-1213131210
Convert 36035412 (base 7) to base 2.
1100001001101111101110
-9724524 (base 10) to base 5
-4442141044
Convert -1a780 (base 13) to base 8.
-145152
-37055 (base 10) to base 11
-25927
What is 10143241 (base 5) in base 7?
500320
-101121122021 (base 3) to base 14
-5621a
What is -2226 (base 9) in base 12?
-b50
What is -1100001110111101 (base 2) in base 11?
-34714
-306115 (base 12) to base 6
-24120425
Convert 3a28010 (base 12) to base 3.
210122100012110
What is 46594 (base 11) in base 6?
1235214
What is 15a6cb (base 15) in base 12?
42643b
What is -42886 (base 10) in base 9?
-64741
What is 252ad4 (base 14) in base 7?
13561154
Convert 302117 (base 9) to base 10.
178702
20301114 (base 6) to base 2
10001110011100100110
What is -1282363 (base 9) in base 10?
-703785
27662a5 (base 12) to base 16
77c41d
What is 111110413 (base 5) in base 9?
823651
Convert -33431a (base 14) to base 2.
-110101000111000010100
11010100011000101010 (base 2) to base 14
18905c
Convert 8b23 (base 12) to base 16.
3c4b
Convert -41033552 (base 8) to base 4.
-201003131222
-39a1451 (base 11) to base 7
-112516560
Convert -29acc3 (base 13) to base 6.
-33535440
-886551 (base 9) to base 10
-529705
100211012221 (base 3) to base 8
571501
Convert -1271724 (base 8) to base 5.
-42413312
Convert -1404033230 (base 5) to base 2.
-1101101010001000011000
4407477 (base 8) to base 7
13026405
What is 122034 (base 8) in base 16?
a41c
-118462 (base 10) to base 6
-2312234
-122107 (base 10) to base 16
-1dcfb
What is -244414123 (base 6) in base 12?
-16a7343
-10100